*a - 1097 = 0. Is a prime?
True
Let q(l) = l**3 + 31*l**2 + 10*l + 28. Let x be q(-26). Suppose 7*s + x = 21831. Is s a composite number?
True
Let v(g) = g**3 + 24*g**2 - 25*g + 4. Let k be v(-25). Suppose -k*l = -3*w - 32504, -5*l = -w - 40387 - 254. Is l composite?
True
Suppose 49*d + 4*s + 1498 = 51*d, -5*d = -5*s - 3720. Is d a composite number?
False
Let l = 111876 + -70067. Is l composite?
False
Let v(m) = -2*m - 2. Let p(c) = -c - 1. Let x(a) = 3*p(a) - 2*v(a). Let l be x(2). Suppose -2*b + 7*b + l*r - 6287 = 0, -4*r - 3749 = -3*b. Is b prime?
False
Suppose 183*b + 182*b - 6475898 = 339*b. Is b prime?
False
Let l = 589 + -184. Suppose l = d + 2*y, 0*y - 1607 = -4*d + 5*y. Is d composite?
True
Let v(y) = -2*y**2 - 10*y + 3. Let g(k) = -9*k**2 - 51*k + 16. Let m(h) = 4*g(h) - 22*v(h). Let l(w) = -w + 1. Let p(n) = 4*l(n) + m(n). Is p(-9) prime?
False
Let r = -19894 + 23847. Is r a prime number?
False
Let q(c) = 688*c**2 - 221*c + 44. Is q(-30) a composite number?
True
Is -111 + 119 + 177963/(3/1) prime?
False
Suppose 8*b - 5*v = 7*b + 40, 0 = -3*b - v + 104. Let y(a) = 23*a - 96. Is y(b) a composite number?
False
Let r be 10/(-4)*-6*4/30. Suppose -n = -r*o + 5, -o + 3*o - 3*n = -5. Let q(h) = 17*h + 12. Is q(o) a prime number?
True
Let q(u) = -205*u**3 - 3*u**2 - 4*u - 3. Suppose i - 198 = -5*i. Suppose -4*g - 41 = -i. Is q(g) prime?
False
Suppose -84*c + 16*c + 58423 = -31*c. Is c a composite number?
False
Suppose -5*h = -i - 81358, -4*h - 4*i + 21008 + 44064 = 0. Is h prime?
False
Let x be 3/12 + (-10317)/(-12). Suppose -2*b = -6*b + x. Let f = -118 + b. Is f prime?
True
Suppose -68*d - 7612188 = -205*d + 8686291. Is d a composite number?
False
Let s(q) = 2*q**3 - 5*q**2 + q - 7. Let x be s(3). Let m(h) = 249*h**2 + 6*h - 28. Is m(x) a composite number?
True
Let c(f) = -101714*f**3 - 21*f**2 - 17*f + 3. Is c(-1) prime?
False
Let x = -4 + 0. Let w be -1 + 246/x - (-2)/(-4). Let v = -6 - w. Is v composite?
True
Let s = 3426 + -8036. Is (1/(-3))/(4/6)*s prime?
False
Let a(r) = 15596*r**2 - 76*r + 17. Is a(5) composite?
True
Let p(z) = 3*z**3 + 36*z**2 - 12*z - 5. Let g be -3 - (2 + 9 - 2). Is p(g) a composite number?
False
Suppose -172*c + 19682649 - 18729658 = -85827717. Is c composite?
True
Let i(k) = 5852*k + 107. Is i(16) composite?
False
Suppose -39*g + 230416 = -23*g. Is g a composite number?
False
Suppose 0 = -a + 4*g - 31, -5*a - 208 = -a + 5*g. Let y = 49 + a. Suppose y*c - 386 = -w, 2*c - 380 = -2*w - 2*w. Is c composite?
True
Let v(j) = -1002*j - 362*j + 4 - 2 - 5. Suppose 0*w = -4*w - 4. Is v(w) a composite number?
False
Let p be 20/(-30)*-2*3*265. Suppose 1126 = -5*i - 2499. Let g = i + p. Is g a prime number?
False
Suppose -y = -6*y - 195. Suppose 0*u + x = -4*u + 23, 5*x + 25 = 0. Let k = u - y. Is k a composite number?
True
Let i = -15355 - -27734. Is i prime?
True
Is (-8404)/66*(-24)/16 a prime number?
True
Suppose 2*v + 37281 = 5*l - 480786, -207227 = -2*l + v. Is l a composite number?
False
Suppose 11*n + 31*n - 11377427 = 14683447. Is n composite?
True
Suppose -5*z = -8 - 7. Let g(t) = -220*t - 765. Let i be g(-11). Suppose -2*n = z*a + a - 1324, 5*a - 3*n - i = 0. Is a a composite number?
False
Let r = -9 - -15. Let u(l) = -l**3 + 6*l**2 - 5*l - 8. Let w be u(r). Let c = w + 195. Is c composite?
False
Let f be -1*227 + 13 + -8. Let t = -91 - f. Is t a prime number?
True
Let b(j) = 50 + 1014*j + 49*j + 29 + 3. Is b(3) a composite number?
False
Suppose 5*i = 4*q + 29156, -23326 = -4*i - q + 3*q. Suppose 5*v + 2393 + i = 5*j, 0 = 4*j - 3*v - 6576. Suppose 5185 - j = 4*n. Is n a composite number?
True
Suppose 5*y - 5 = -10. Let i be y - -5 - 3/3. Suppose 5*f - 390 = 3*f - 3*k, 0 = -i*f - 5*k + 583. Is f composite?
True
Let z(m) = 143*m**2 + 2*m + 2. Let s(y) be the second derivative of y**4/12 + 11*y**3/6 + 23*y**2/2 - 36*y. Let v be s(-3). Is z(v) a prime number?
False
Let h(f) = -f**3 + 35*f**2 - 65*f - 28. Let o be h(33). Is (-365521)/(-65) + (-2)/o a composite number?
False
Suppose -3*n = -11*w + 20*w - 637533, -1062631 = -5*n + 4*w. Is n a prime number?
False
Let i(h) = 20*h - 192. Let u be i(10). Is 67685/20 + 5 + (-2)/u a prime number?
True
Suppose -2*v = -4*c - 1078, -2*c + 1568 = 4*v - 508. Is v prime?
True
Let s(f) = -f**3 + 28*f**2 - 27*f + 3. Let w be s(27). Suppose -2*m + 90 = w*m + 4*n, -2*m + 5*n + 3 = 0. Suppose 0*l + 22414 = m*l. Is l prime?
True
Suppose 23*c + 4*k = 24*c - 128565, -2*k + 128595 = c. Is c prime?
False
Suppose -1370920 - 34430 = 15*m. Is (-2)/11 - m/198 composite?
True
Let h(m) = 319*m**2 - 20*m - 83. Is h(12) prime?
True
Suppose 50 = -o - 4*o. Let h = o + 2. Is ((-1340)/h)/((-1)/(-2)) a prime number?
False
Suppose -166 + 16 = -3*u. Let p = u + -50. Suppose p = -44*l + 38*l + 2454. Is l a prime number?
True
Let q(g) = 6*g + 187 - 11*g + 4*g + g**3. Is q(0) a composite number?
True
Let g be 8/(-28) + (1 - (-236086)/14). Suppose -8*p + 5638 = r - 3*p, 5*p = -3*r + g. Let h = r - 3720. Is h composite?
True
Suppose -18 - 66 = -2*l. Let k = 48 - l. Suppose k*b = 9*b - 993. Is b a prime number?
True
Is (2 + -8)/(-7*(-108)/(-29189286)) a composite number?
False
Let k(c) = 1615*c**2 - 724*c + 6584. Is k(9) composite?
True
Let d = -6817 + 253994. Is d composite?
True
Let y(b) be the third derivative of 0 - 29*b**2 + 13/6*b**3 + 1/15*b**5 + 11/24*b**4 + 0*b. Is y(-10) a composite number?
True
Let l(j) = j - 5. Let b be l(8). Suppose 0 = 4*p - 14 + 10, -b*a + 7412 = 5*p. Is a a prime number?
False
Suppose 2*v + 2*v = 161804. Suppose y + 4824 = u - 8660, 3*u - 2*y - v = 0. Is u prime?
False
Let i(o) = -2195*o - 7. Let n = 632 - 642. Is i(n) a composite number?
False
Let h(v) = 3990*v**2 + 50*v + 227. Is h(-7) a composite number?
True
Let v = 30104 + -9618. Suppose 24*n - 22*n = v. Is n composite?
False
Suppose i - 369235 = 3*i - 7*i. Is i prime?
True
Let t(p) = 2932*p**2 + 37*p + 58. Is t(-5) composite?
True
Let t be -4 + ((-3)/9)/(1/42). Let z(h) = 18*h**2 + 5*h + 59. Is z(t) a composite number?
False
Is (-7)/((-35)/1564895)*(-3 - -4) composite?
False
Let b(l) = 47*l**2 - 95*l + 1613. Is b(49) prime?
False
Suppose 9*a - 16320 = 3*a. Suppose -20*h + 24*h - a = 0. Let r = h - -209. Is r prime?
False
Let g(v) = v**3 - 6*v**2 - v + 5. Let z be g(6). Let f = 47 - -855. Let o = z + f. Is o composite?
True
Let g be (3 - (-12)/(-4)) + -2*10. Let q = 612 - g. Let h = q + -313. Is h prime?
False
Suppose 3*s + 112 = 127. Let u = -5 + 10. Suppose -2*x + 1097 = -u*d + 2*d, s*x - 2690 = -3*d. Is x prime?
True
Let d(y) = 792*y**2 - 35*y + 39. Is d(-5) a composite number?
True
Let q = 61 + -50. Let n = q + -18. Is n + 128 - (1 - -1) composite?
True
Let w = 37753 - 23058. Is w prime?
False
Suppose -5*h - 165 = c, -25*h - 2*c = -28*h - 99. Let y(z) = -7*z + 62. Is y(h) composite?
False
Suppose -23*k - 21*k = 3124. Let b(a) = -57*a - 1. Let r be b(-1). Let y = r - k. Is y composite?
False
Suppose -16*b = -24036 - 28572. Let o = 9415 - b. Is o prime?
False
Suppose 108*t + 480939 = 111*t - 3*c, c = -4*t + 641232. Is t prime?
True
Suppose 0 = 5*d + 20, 7 = v + 3*d - d. Let l be v/5 - (-2 + 1). Suppose -l*s + 632 = -1908. Is s prime?
False
Let t = -768837 - -1189964. Is t a prime number?
False
Suppose 5*p = 20, -5*o - 155*p = -160*p - 207875. Is o a prime number?
True
Let m(f) = -80*f**3 - 3*f**2 - f + 5. Let i = 87 + -90. Let w be (i - -1)*(1 + -2 + 2). Is m(w) composite?
True
Let f be (-2 - (-12)/(-6)) + -927. Let d = 250 - f. Is d a prime number?
True
Let c(h) = -44047*h + 8761. Is c(-6) prime?
True
Suppose 59*j = 120*j + 111*j - 282947740. Is j a composite number?
True
Let a = -465 + -76. Let j = 1802 + a. Suppose 5*m - 1974 - j = 0. Is m a prime number?
True
Suppose -3*k = z - 154 + 8, 4*k - 4*z = 216. Let t = -52 + k. Let c(u) = -63*u**3 - 2*u**2 + 2*u + 5. Is c(t) prime?
False
Let x = -491288 - -822271. Is x composite?
False
Let n(l) = -l**3 - 8*l**2 - 13*l + 11. Let w be n(-4). Is ((-2)/(w + 3))/((-6)/9066) a composite number?
False
Let l = 70700 - 36553. Is l prime?
True
Suppose 17313*f + 27617527 = 17362*f. Is f a prime number?
True
Let z(u) = 12393*u + 5995. Is z(14) a composite number?
False
Suppose 4*q - 361 = -c + 2*c, 0 = -c + 3. Suppose 87*k = q*k - 24756. Is k composite?
True
Let l(k) = -10*k + 13823. 